 Let v(u) be the second derivative of c(u). Suppose 3*b - 16 = -b. Determine v(b).
6
Let o(z) = -z**3 - 3*z**2 - 4*z - 1. Let w(m) = -m**2 - m + 9. Let q be w(-4). Give o(q).
11
Let r be 5/(-2)*26/13. Let p(s) = s**2 + 5*s - 1. Let f be p(r). Let b(j) = -2*j**2 - j. Calculate b(f).
-1
Let t(i) = -i**2 - 2*i + 3*i - 1 + 2*i**2. Determine t(1).
1
Let r(u) = 2*u**2 - 6*u - 1. Let v(o) = o**2 - o - 1. Let x(j) = -2*j + 17. Let w be x(7). Let p(s) = w*v(s) - r(s). What is p(-3)?
-2
Let b(v) be the first derivative of v**5/2 - v**4/6 + v**3/6 - 7*v - 7. Let l(x) be the first derivative of b(x). Determine l(1).
9
Let i(m) be the first derivative of m**6/180 + m**5/40 - m**4/8 - m**3 + 1. Let l(g) be the third derivative of i(g). Calculate l(-3).
6
Let f(p) = -p**2 + 5*p + 3. Let q be f(5). Suppose 8 = q*w + w. Let o(i) = -4*i. Give o(w).
-8
Let w(j) = -19*j**2 + 10*j**2 - 5*j + 10*j**2. Give w(6).
6
Let x(s) be the second derivative of 1/12*s**4 - 1/20*s**5 + 7*s - 3/2*s**2 + 1/6*s**3 + 0. Determine x(0).
-3
Let r(a) = -1 + 1 - a - 5 + 3. Let o be r(-1). Let t(l) be the second derivative of -l**4/4 + l. Give t(o).
-3
Let v(s) = -2*s + 7. Suppose 0*y - 10 = -2*y. Calculate v(y).
-3
Let r(m) = -m**3 - m**2 + m + 3. Let n be 20/(-70) - (-4)/14. Let a be r(n). Let l(y) = -y**3 + 2*y**3 - 4*y**2 + 2*y + y - 4. Calculate l(a).
-4
Let g(m) be the second derivative of -m**4/12 - 2*m**3/3 + m**2 - 3*m + 12. Give g(-5).
-3
Let v(s) = -7*s**3 + 7*s**2 - 6*s - 4. Let b(j) = -3*j**3 + 3*j**2 - 3*j - 2. Let d(z) = 9*b(z) - 4*v(z). Determine d(3).
7
Let p(f) = -f**3 - 6*f**2 - 7*f - 5. Suppose 8*i = 10 - 42. Determine p(i).
-9
Let g = 2 + -2. Suppose g*n - 12 = -2*n. Let h = n + -4. Let o(b) = -2*b**2 + b - 1. Calculate o(h).
-7
Suppose 5*a + 3*b - 8 = 0, -5*b = -3*a + 30 + 2. Let s(j) be the second derivative of -j**4/12 + 2*j**3/3 + 2*j**2 - j. Determine s(a).
4
Let k = 4 + 1. Suppose -o + k = 2. Suppose 0 = o*y + 5*w - 8 - 21, 0 = 3*y + 4*w - 25. Let g(h) = -h**3 + 4*h**2 + 4. Determine g(y).
13
Let d(s) = -s**3 - 7*s**2. Let h be d(-7). Let b(q) = q**2 - 3*q + 3*q**2 + q**3 - 1 - q + h*q**2. Determine b(-5).
-6
Let g(h) be the first derivative of 5*h**2/2 + 2*h - 3. Let p(q) = -q. Let f(k) = -g(k) - 4*p(k). What is f(-6)?
4
Let b(t) = -3*t**2 + 5*t**2 - 38*t + 39*t. Determine b(-2).
6
Suppose 3*q + 0*q + k - 13 = 0, 4*k + 33 = 5*q. Let t = -18 + 23. Let y(g) = -t*g**2 + 6*g + 4*g**2 - 6 + 9. What is y(q)?
8
Let t be (-10)/25*(-5)/1. Let l(w) be the first derivative of 2 + 2*w + 3/2*w**2. Calculate l(t).
8
Suppose -2*f = -4*f. Suppose g + 4*r + 7 = 0, -5*g + 4*r + 1 + 12 = f. Suppose 5 = o + g. Let x(m) = -m**3 + 5*m**2 - 2*m - 2. Give x(o).
6
Suppose 4*q + 3*p = p + 46, 34 = q - 4*p. Let u be 88/q - 2/7. Let t = -6 + u. Let c(k) = k**3 + k**2 - k - 9. Determine c(t).
-9
Suppose 2*i = 4*y + 6, 1 = y - i + 4. Let m(s) = s**3 + s**2 + s - 5. Let q(d) = 4*d**3 + 5*d**2 + 5*d - 19. Let n(u) = -9*m(u) + 2*q(u). What is n(y)?
7
Let f(s) be the third derivative of -s**5/60 - s**4/6 + s**3/6 + 20*s**2. What is f(-5)?
-4
Let v(i) = 4*i - 9. Let j(n) = n**3 - 4*n**2 + n + 2. Let m be j(4). Give v(m).
15
Let d(y) = -2 + y**3 - 19*y + 7*y**2 + 10*y - 3 + 0. Calculate d(-8).
3
Let i = -1 - -4. Let k(n) = 0*n + 7*n**3 - 4*n + 7*n**2 - 8*n**i + 1. Determine k(6).
13
Let f(s) = s - 2. Let d be (-5)/(-15) - (-31)/(-3). Let t(o) = o**3 + 9*o**2 - 10*o + 2. Let x be t(d). Suppose x*l = 3 + 3. What is f(l)?
1
Let l(j) = 3*j**2 + 11*j - 15. Let x(r) = -2*r**2 - 7*r + 10. Let p(y) = 5*l(y) + 8*x(y). Suppose 5*o - q + 23 = 0, 4*q = o + o + 20. Give p(o).
-7
Let j be (1/2)/((-1)/12). Let f(u) = u**2 + 6*u - 1. Let c be f(j). Let h(z) = 5*z - 1. What is h(c)?
-6
Suppose 5*n + 2*y + 32 = 0, -2*n + 5 = y + 18. Let p(t) = -5*t + 2. Let m(k) = -2*k + 1. Let j(z) = 7*m(z) - 3*p(z). Give j(n).
-5
Suppose 2*c - 3 = -1. Let t(s) = 7. Let y(m) = m - 1. Let u(j) = c*t(j) + y(j). Calculate u(-5).
1
Let x(i) = 14*i**2 - 2*i - 1. Let c(z) = z**2. Let n(a) = c(a) + x(a). Calculate n(-1).
16
Let u(x) be the second derivative of -x**6/360 - 7*x**5/120 - x**4/24 + 2*x**3/3 - x. Let v(z) be the second derivative of u(z). Give v(-6).
5
Let y(f) = f - 7. Let m = 9 + -5. Suppose -m*v + 6*a - 2*a - 16 = 0, -5*v - 2 = 4*a. Let p be 2*5*v/(-4). Determine y(p).
-2
Let g(s) = 2*s**2 - 3*s + 3. Suppose -3*p = 4*f + 7 + 6, -3*f = 12. Suppose -b = p - 3. What is g(b)?
5
Let j(g) = g**3 - 7*g**2 - g + 7. Let y be j(7). Let t(b) be the first derivative of -b**2/2 - 3. Determine t(y).
0
Let c(y) = -y**3 - 5*y**2 + 4*y - 1. Suppose n = 5*z - 4, -4 = -2*n + 3*n. Suppose -5*l = -5*t + 25, z*t + t + 7 = -l. Calculate c(l).
11
Let w = 6 + -3. Let c be (1/w)/((-2)/(-6)). Let m be 1*c/(-1)*-3. Let v(g) = 2*g**2 - 4*g - 1. Determine v(m).
5
Let z(w) be the first derivative of -3*w**2 + 3*w - 1. Let a = 177 + -175. Calculate z(a).
-9
Let q be 0 - (3 + -2) - (-1 + 0). Let l(f) = 2*f**3 - 5*f**3 + 9 - f**2 + 4*f**3. Give l(q).
9
Let m(p) = -2*p - p**2 - 3 + 0*p**2 + 0 - 2*p. Suppose 0 = q - 2*r + 9, -2*q + 6*q = 2*r - 24. Calculate m(q).
-8
Let l(s) = -s**3 - 5*s**2 - 5*s - 4. Suppose 0*a + 65 = 5*a. Let k = a - 5. Suppose 4 = -t - 3*b - 0, -2*t - k = 5*b. What is l(t)?
0
Let y(a) = -a**3 + 11*a**2 - 10*a + 3. Let l be y(10). Let x(q) = -q**3 + l - 2 - 4*q**2 - 3 + 1. What is x(-4)?
-1
Suppose -t + 2*v - 13 = -0*t, 2*v = -3*t - 23. Suppose -3*f + 2*f = 30. Let p be t*(f/9 + 3). Let c(d) = 3*d + 2. What is c(p)?
11
Suppose 4*r - 12 = -3*g, 0 = -2*g - 2*r + 8 - 2. Suppose 0 = -g*p + 4*p - 4. Let n(t) be the second derivative of t**4/12 + t. What is n(p)?
1
Suppose 2*j = -1 + 5. Let c(w) = 2*w - 1. Let i be c(j). Let b(d) = -d**3 + 4*d**2 - 2*d + 4. Give b(i).
7
Let p(i) be the second derivative of -i**5/20 - i**4/12 + 3*i**2/2 - 3*i. Suppose -3*a - 4*o + 7 + 10 = 0, o = -4*a + 1. Let r = a + 1. What is p(r)?
3
Let w(c) = c**3 - 6*c**2 + 5*c + 3. Let n be (-100)/(-30) - (-2)/3. Give w(n).
-9
Let q(a) = -a + 6 + a - a - 2*a. Let v be q(4). Let l(d) = d**3 + 7*d**2 + 8*d + 7. Determine l(v).
-5
Let k(l) be the third derivative of l**5/60 + 7*l**4/24 - 5*l**3/6 + 3*l**2. Let h(b) = -b**2 - 3*b + 2. Let r(t) = 5*h(t) + 2*k(t). Determine r(-1).
-2
Let y(b) be the first derivative of b**3/3 - 3*b**2 - 4*b + 27. What is y(6)?
-4
Let n = 15 - 9. Suppose 5 = n*d - d. Let h(r) be the first derivative of -5*r**3/3 + r**2 - r + 1. Calculate h(d).
-4
Let l(c) = 0*c**3 - 5 + 5*c**2 + 2*c**2 + c**3 + 5*c. Suppose -5*b - 18 - 12 = 0. Calculate l(b).
1
Suppose -4*f = f + 5*z + 15, -2*f - z = 2. Let m(x) = -11*x - 1. Calculate m(f).
-12
Let g(d) = 2*d - 3. Let t be g(4). Let u(i) = -i + 1. What is u(t)?
-4
Let g(h) = h**2 + 3*h - 6. Suppose 0 = -o - 3*o. Let z be o*3/(-6) + 16. Let r = 11 - z. Give g(r).
4
Let t(i) = -i**2 - 2 - 2 - 1 + 3. Calculate t(3).
-11
Let l(q) = -4*q + 1. Let f(p) = -3*p + 1. Let a(u) = -3*f(u) + 2*l(u). What is a(1)?
0
Suppose -22 = -0*z + 2*z. Let l(i) = -8*i + 2. Let t(q) = 3*q - 1. Let g(y) = z*t(y) - 4*l(y). Give g(-4).
7
Suppose 2*m = -3*m + 5. Let a(v) = 4*v - 1. Let i(r) = 13*r - 3. Let p(q) = -7*a(q) + 2*i(q). Calculate p(m).
-1
Let c = 0 + 4. Let f(t) = t**3 - 5*t**2 + 2*t - 3. Suppose -2*k - 3*k = -5. Let x(i) = -1. Let d(a) = k*f(a) - 4*x(a). Determine d(c).
-7
Suppose 5*s + 3 = a, 2*a + a = -5*s - 11. Let g(w) = -3*w - 1. Let j be g(-1). Let p(d) = -2*d**2 - 2*d**2 - 2*d - 3*d**3 + 0*d**3 - 1 + j*d**2. What is p(s)?
2
Let j(a) be the second derivative of a**7/840 - 7*a**6/360 + a**5/15 - a**4/12 + a**3/2 - 9*a. Let u(c) be the second derivative of j(c). Calculate u(6).
10
Let u(a) = a**3 + 4*a**2 - 3*a - 2. Let t(w) = -4*w**3 - 11*w**2 + 9*w + 7. Let r(k) = 2*t(k) + 7*u(k). What is r(6)?
-18
Let q(l) = l**3 + 6*l**2 - l - 3. Suppose -9 = 2*v + 3. Give q(v).
3
Let j be 3 + (-2 - -1)*-13. Let f = j + -10. Let l(k) = -k + 2. Determine l(f).
-4
Suppose b = -5*u - b - 53, -u - b = 13. Let s = u + 15. Let k(q) = 2*q - 8. Give k(s).
4
Let w(p) = -p**3 - 4*p**2 + 6*p + 7. Let k be w(-5). Suppose 10 = -j + g + g, -5*j = 3*g - k. Let n(v) = -v - 2 + 5*v + 4. What is n(j)?
-6
Let g be ((-4)/(-16))/((-3)/(-6)). Let t(r) be the second derivative of g*r**2 + 2*r + 1/3*r**3 + 0. Give t(-1).
-1
Let z(w) = w**2 + 4*w - 6. L